{"id":2789,"date":"2017-09-10T10:48:48","date_gmt":"2017-09-10T09:48:48","guid":{"rendered":"http:\/\/www.varietyjazz.be\/?page_id=2789"},"modified":"2017-09-10T10:52:10","modified_gmt":"2017-09-10T09:52:10","slug":"luxembourg-9-septembre-2017","status":"publish","type":"page","link":"https:\/\/www.varietyjazz.be\/?page_id=2789","title":{"rendered":"Luxembourg, 9 Septembre 2017"},"content":{"rendered":"<p>Concert sur le kiosque de la Place d&rsquo;Armes le 9 Septembre 2017<\/p>\n<p>Cliquez sur la vid\u00e9o pour d\u00e9marrer la playlist du concert.<\/P><\/p>\n<p><iframe loading=\"lazy\" width=\"560\" height=\"315\" src=\"https:\/\/www.youtube.com\/embed\/videoseries?list=PLTuJmL056Z6LOJ0wFq-7irBtyPUC2N0Pw\" frameborder=\"0\" allowfullscreen><\/iframe><\/p>\n<p>Cliquez en haut \u00e0 gauche pour voir la liste des vid\u00e9os du concert, ou sur \u00ab\u00a0YouTube\u00a0\u00bb en bas \u00e0 droite pour voir la liste sur le site YouTube.<\/p>\n","protected":false},"excerpt":{"rendered":"<p>Concert sur le kiosque de la Place d&rsquo;Armes le 9 Septembre 2017 Cliquez sur la vid\u00e9o pour d\u00e9marrer la playlist du concert. Cliquez en haut \u00e0 gauche pour voir la liste des vid\u00e9os du concert, ou sur \u00ab\u00a0YouTube\u00a0\u00bb en bas &hellip; <a href=\"https:\/\/www.varietyjazz.be\/?page_id=2789\">Continue reading <span class=\"meta-nav\">&rarr;<\/span><\/a><\/p>\n","protected":false},"author":32,"featured_media":0,"parent":27,"menu_order":-20170909,"comment_status":"closed","ping_status":"closed","template":"","meta":{"footnotes":""},"class_list":["post-2789","page","type-page","status-publish","hentry"],"_links":{"self":[{"href":"https:\/\/www.varietyjazz.be\/index.php?rest_route=\/wp\/v2\/pages\/2789","targetHints":{"allow":["GET"]}}],"collection":[{"href":"https:\/\/www.varietyjazz.be\/index.php?rest_route=\/wp\/v2\/pages"}],"about":[{"href":"https:\/\/www.varietyjazz.be\/index.php?rest_route=\/wp\/v2\/types\/page"}],"author":[{"embeddable":true,"href":"https:\/\/www.varietyjazz.be\/index.php?rest_route=\/wp\/v2\/users\/32"}],"replies":[{"embeddable":true,"href":"https:\/\/www.varietyjazz.be\/index.php?rest_route=%2Fwp%2Fv2%2Fcomments&post=2789"}],"version-history":[{"count":2,"href":"https:\/\/www.varietyjazz.be\/index.php?rest_route=\/wp\/v2\/pages\/2789\/revisions"}],"predecessor-version":[{"id":2792,"href":"https:\/\/www.varietyjazz.be\/index.php?rest_route=\/wp\/v2\/pages\/2789\/revisions\/2792"}],"up":[{"embeddable":true,"href":"https:\/\/www.varietyjazz.be\/index.php?rest_route=\/wp\/v2\/pages\/27"}],"wp:attachment":[{"href":"https:\/\/www.varietyjazz.be\/index.php?rest_route=%2Fwp%2Fv2%2Fmedia&parent=2789"}],"curies":[{"name":"wp","href":"https:\/\/api.w.org\/{rel}","templated":true}]}}

<p>Concert sur le kiosque de la Place d&rsquo;Armes le 9 Septembre 2017</p>
<p>Cliquez sur la vidéo pour démarrer la playlist du concert.</P></p>
<p><iframe loading="lazy" width="560" height="315" src="https://www.youtube.com/embed/videoseries?list=PLTuJmL056Z6LOJ0wFq-7irBtyPUC2N0Pw" frameborder="0" allowfullscreen></iframe></p>
<p>Cliquez en haut à gauche pour voir la liste des vidéos du concert, ou sur « YouTube » en bas à droite pour voir la liste sur le site YouTube.</p>

<p>Concert sur le kiosque de la Place d&rsquo;Armes le 9 Septembre 2017 Cliquez sur la vidéo pour démarrer la playlist du concert. Cliquez en haut à gauche pour voir la liste des vidéos du concert, ou sur « YouTube » en bas &hellip; <a href="https://www.varietyjazz.be/?page_id=2789">Continue reading <span class="meta-nav">&rarr;</span></a></p>
