{"id":2661,"date":"2017-08-08T18:48:00","date_gmt":"2017-08-08T17:48:00","guid":{"rendered":"http:\/\/www.varietyjazz.be\/?page_id=2661"},"modified":"2017-08-21T18:07:45","modified_gmt":"2017-08-21T17:07:45","slug":"concert-a-habay-la-neuve-le-21-juillet-2017","status":"publish","type":"page","link":"https:\/\/www.varietyjazz.be\/?page_id=2661","title":{"rendered":"Concert \u00e0 Habay-la-Neuve le 21 Juillet 2017"},"content":{"rendered":"<p>Concert dans le parc du Ch\u00e2telet \u00e0 Habay-la-Neuve le 21 Juillet 2017.<\/p>\n<p>[nggallery id=\u00a0\u00bb15&Prime;]<\/p>\n","protected":false},"excerpt":{"rendered":"<p>Concert dans le parc du Ch\u00e2telet \u00e0 Habay-la-Neuve le 21 Juillet 2017. [nggallery id=\u00a0\u00bb15&Prime;]<\/p>\n","protected":false},"author":32,"featured_media":0,"parent":25,"menu_order":-20170721,"comment_status":"closed","ping_status":"closed","template":"","meta":{"footnotes":""},"class_list":["post-2661","page","type-page","status-publish","hentry"],"_links":{"self":[{"href":"https:\/\/www.varietyjazz.be\/index.php?rest_route=\/wp\/v2\/pages\/2661","targetHints":{"allow":["GET"]}}],"collection":[{"href":"https:\/\/www.varietyjazz.be\/index.php?rest_route=\/wp\/v2\/pages"}],"about":[{"href":"https:\/\/www.varietyjazz.be\/index.php?rest_route=\/wp\/v2\/types\/page"}],"author":[{"embeddable":true,"href":"https:\/\/www.varietyjazz.be\/index.php?rest_route=\/wp\/v2\/users\/32"}],"replies":[{"embeddable":true,"href":"https:\/\/www.varietyjazz.be\/index.php?rest_route=%2Fwp%2Fv2%2Fcomments&post=2661"}],"version-history":[{"count":1,"href":"https:\/\/www.varietyjazz.be\/index.php?rest_route=\/wp\/v2\/pages\/2661\/revisions"}],"predecessor-version":[{"id":2662,"href":"https:\/\/www.varietyjazz.be\/index.php?rest_route=\/wp\/v2\/pages\/2661\/revisions\/2662"}],"up":[{"embeddable":true,"href":"https:\/\/www.varietyjazz.be\/index.php?rest_route=\/wp\/v2\/pages\/25"}],"wp:attachment":[{"href":"https:\/\/www.varietyjazz.be\/index.php?rest_route=%2Fwp%2Fv2%2Fmedia&parent=2661"}],"curies":[{"name":"wp","href":"https:\/\/api.w.org\/{rel}","templated":true}]}}