{"id":2539,"date":"2017-07-08T07:06:12","date_gmt":"2017-07-08T06:06:12","guid":{"rendered":"http:\/\/www.varietyjazz.be\/?page_id=2539"},"modified":"2017-08-25T19:18:30","modified_gmt":"2017-08-25T18:18:30","slug":"predecesseurs","status":"publish","type":"page","link":"https:\/\/www.varietyjazz.be\/?page_id=2539","title":{"rendered":"Pr\u00e9d\u00e9cesseurs"},"content":{"rendered":"<p>Membres honoraires et pr\u00e9d\u00e9cesseurs<\/p>\n<p><P><a href=\"http:\/\/www.varietyjazz.be\/?page_id=1443\"><img loading=\"lazy\" decoding=\"async\" class=\" wp-image-754\" title=\"DanielGodard_20130818_057\" src=\"http:\/\/www.varietyjazz.be\/wp-content\/uploads\/2011\/03\/DanielGodard_20130818_0571.jpg\" alt=\"\" width=\"100\" height=\"75\" srcset=\"https:\/\/www.varietyjazz.be\/wp-content\/uploads\/2011\/03\/DanielGodard_20130818_0571.jpg 577w, https:\/\/www.varietyjazz.be\/wp-content\/uploads\/2011\/03\/DanielGodard_20130818_0571-300x225.jpg 300w\" sizes=\"auto, (max-width: 100px) 100vw, 100px\" \/><\/a><br \/>\n<!-- <a href=\"http:\/\/www.varietyjazz.be\/wp-content\/uploads\/2011\/03\/DanielGodard_20130818_0681.jpg\"><img loading=\"lazy\" decoding=\"async\" class=\"alignleft wp-image-794\" title=\"DanielGodard_20130818_068\" src=\"http:\/\/www.varietyjazz.be\/wp-content\/uploads\/2011\/03\/DanielGodard_20130818_0681.jpg\" alt=\"\" width=\"100\" height=\"75\" srcset=\"https:\/\/www.varietyjazz.be\/wp-content\/uploads\/2011\/03\/DanielGodard_20130818_0681.jpg 800w, https:\/\/www.varietyjazz.be\/wp-content\/uploads\/2011\/03\/DanielGodard_20130818_0681-300x225.jpg 300w\" sizes=\"auto, (max-width: 100px) 100vw, 100px\" \/><\/a> --><br \/>\nDaniel Godard<\/p>\n<p><P><a href=\"http:\/\/www.varietyjazz.be\/?page_id=1452\"><img loading=\"lazy\" decoding=\"async\" class=\"wp-image-762\" title=\"OscarLambert_20110604_63\" src=\"http:\/\/www.varietyjazz.be\/wp-content\/uploads\/2011\/03\/OscarLambert_20110604_63.jpg\" alt=\"\" width=\"100\" height=\"75\" srcset=\"https:\/\/www.varietyjazz.be\/wp-content\/uploads\/2011\/03\/OscarLambert_20110604_63.jpg 647w, https:\/\/www.varietyjazz.be\/wp-content\/uploads\/2011\/03\/OscarLambert_20110604_63-300x225.jpg 300w\" sizes=\"auto, (max-width: 100px) 100vw, 100px\" \/><\/a> Oscar Lambert<\/p>\n<p><P><a href=\"http:\/\/www.varietyjazz.be\/?page_id=1450\"><img loading=\"lazy\" decoding=\"async\" class=\"wp-image-759\" title=\"ChristopheBaeten_20130815_004\" src=\"http:\/\/www.varietyjazz.be\/wp-content\/uploads\/2011\/03\/ChristopheBaeten_20130815_004.jpg\" alt=\"\" width=\"100\" height=\"75\" srcset=\"https:\/\/www.varietyjazz.be\/wp-content\/uploads\/2011\/03\/ChristopheBaeten_20130815_004.jpg 639w, https:\/\/www.varietyjazz.be\/wp-content\/uploads\/2011\/03\/ChristopheBaeten_20130815_004-300x224.jpg 300w\" sizes=\"auto, (max-width: 100px) 100vw, 100px\" \/><\/a> Christophe Baeten<\/p>\n<p><a href=\"http:\/\/www.varietyjazz.be\/?page_id=1476\"><img loading=\"lazy\" decoding=\"async\" class=\" wp-image-784\" title=\"NickyVanDurme_20110619_33\" src=\"http:\/\/www.varietyjazz.be\/wp-content\/uploads\/2011\/03\/NickyVanDurme_20110619_33.jpg\" alt=\"\" width=\"100\" height=\"75\" srcset=\"https:\/\/www.varietyjazz.be\/wp-content\/uploads\/2011\/03\/NickyVanDurme_20110619_33.jpg 529w, https:\/\/www.varietyjazz.be\/wp-content\/uploads\/2011\/03\/NickyVanDurme_20110619_33-300x224.jpg 300w\" sizes=\"auto, (max-width: 100px) 100vw, 100px\" \/><\/a> Nicky Van Durme<\/p>\n","protected":false},"excerpt":{"rendered":"<p>Membres honoraires et pr\u00e9d\u00e9cesseurs Daniel Godard Oscar Lambert Christophe Baeten Nicky Van Durme<\/p>\n","protected":false},"author":32,"featured_media":0,"parent":23,"menu_order":100,"comment_status":"closed","ping_status":"closed","template":"","meta":{"footnotes":""},"class_list":["post-2539","page","type-page","status-publish","hentry"],"_links":{"self":[{"href":"https:\/\/www.varietyjazz.be\/index.php?rest_route=\/wp\/v2\/pages\/2539","targetHints":{"allow":["GET"]}}],"collection":[{"href":"https:\/\/www.varietyjazz.be\/index.php?rest_route=\/wp\/v2\/pages"}],"about":[{"href":"https:\/\/www.varietyjazz.be\/index.php?rest_route=\/wp\/v2\/types\/page"}],"author":[{"embeddable":true,"href":"https:\/\/www.varietyjazz.be\/index.php?rest_route=\/wp\/v2\/users\/32"}],"replies":[{"embeddable":true,"href":"https:\/\/www.varietyjazz.be\/index.php?rest_route=%2Fwp%2Fv2%2Fcomments&post=2539"}],"version-history":[{"count":8,"href":"https:\/\/www.varietyjazz.be\/index.php?rest_route=\/wp\/v2\/pages\/2539\/revisions"}],"predecessor-version":[{"id":2775,"href":"https:\/\/www.varietyjazz.be\/index.php?rest_route=\/wp\/v2\/pages\/2539\/revisions\/2775"}],"up":[{"embeddable":true,"href":"https:\/\/www.varietyjazz.be\/index.php?rest_route=\/wp\/v2\/pages\/23"}],"wp:attachment":[{"href":"https:\/\/www.varietyjazz.be\/index.php?rest_route=%2Fwp%2Fv2%2Fmedia&parent=2539"}],"curies":[{"name":"wp","href":"https:\/\/api.w.org\/{rel}","templated":true}]}}