{"id":1450,"date":"2015-12-16T19:13:06","date_gmt":"2015-12-16T18:13:06","guid":{"rendered":"http:\/\/www.varietyjazz.be\/?page_id=1450"},"modified":"2017-08-25T18:05:01","modified_gmt":"2017-08-25T17:05:01","slug":"christophe-baeten","status":"publish","type":"page","link":"https:\/\/www.varietyjazz.be\/?page_id=1450","title":{"rendered":"Christophe Baeten"},"content":{"rendered":"<p> Saxophone T\u00e9nor<\/p>\n<p> <a href=\"http:\/\/www.varietyjazz.be\/wp-content\/uploads\/2015\/12\/ChristopheBaeten_11693941_998399383527339_3347616910245608089_n.jpg\"><img loading=\"lazy\" decoding=\"async\" class=\"size-full wp-image-1506\" src=\"http:\/\/www.varietyjazz.be\/wp-content\/uploads\/2015\/12\/ChristopheBaeten_11693941_998399383527339_3347616910245608089_n.jpg\" alt=\"ChristopheBaeten_11693941_998399383527339_3347616910245608089_n\" width=\"642\" height=\"960\" srcset=\"https:\/\/www.varietyjazz.be\/wp-content\/uploads\/2015\/12\/ChristopheBaeten_11693941_998399383527339_3347616910245608089_n.jpg 642w, https:\/\/www.varietyjazz.be\/wp-content\/uploads\/2015\/12\/ChristopheBaeten_11693941_998399383527339_3347616910245608089_n-201x300.jpg 201w, https:\/\/www.varietyjazz.be\/wp-content\/uploads\/2015\/12\/ChristopheBaeten_11693941_998399383527339_3347616910245608089_n-100x150.jpg 100w\" sizes=\"auto, (max-width: 642px) 100vw, 642px\" \/><\/a><\/p>\n<p><P>J&rsquo;ai commenc\u00e9 la musique \u00e0 l&rsquo;\u00e2ge de 7 ans et le sax \u00e0 8 ans, mais j&rsquo;ai d\u00e9couvert le jazz tardivement vers l&rsquo;\u00e2ge de 30 ans.<br \/>\n<P>J&rsquo;ai d&rsquo;abord travaill\u00e9 le swing de mani\u00e8re autodidacte en m&rsquo;aidant de revues et \u00ab\u00a0play along\u00a0\u00bb puis ai int\u00e9gr\u00e9 le big-band il y a un peu plus de 10 ans.<br \/>\n<P>C&rsquo;\u00e9tait un r\u00eave pour moi de jouer en big-band J&rsquo;ai commenc\u00e9 au pupitre des sax alto, puis ai mut\u00e9 vers les sax t\u00e9nor.<br \/>\n<P>J&rsquo;aime particuli\u00e8rement le jazz fusion (funck) et les morceaux latino-am\u00e9ricains.<\/p>\n<p><P> <a href=\"http:\/\/www.varietyjazz.be\/wp-content\/uploads\/2015\/07\/VJ_20150719_Torgny.jpg\"><img loading=\"lazy\" decoding=\"async\" class=\"size-full wp-image-984\" src=\"http:\/\/www.varietyjazz.be\/wp-content\/uploads\/2015\/07\/VJ_20150719_Torgny.jpg\" alt=\"VJ_20150719_Torgny\" width=\"800\" height=\"533\" srcset=\"https:\/\/www.varietyjazz.be\/wp-content\/uploads\/2015\/07\/VJ_20150719_Torgny.jpg 800w, https:\/\/www.varietyjazz.be\/wp-content\/uploads\/2015\/07\/VJ_20150719_Torgny-300x200.jpg 300w, https:\/\/www.varietyjazz.be\/wp-content\/uploads\/2015\/07\/VJ_20150719_Torgny-150x100.jpg 150w\" sizes=\"auto, (max-width: 800px) 100vw, 800px\" \/><\/a><\/p>\n<p><P> <a href=\"http:\/\/www.varietyjazz.be\/?page_id=23\">Retour sur la page \u00ab\u00a0Membres\u00a0\u00bb<\/a><\/p>\n","protected":false},"excerpt":{"rendered":"<p>Saxophone T\u00e9nor J&rsquo;ai commenc\u00e9 la musique \u00e0 l&rsquo;\u00e2ge de 7 ans et le sax \u00e0 8 ans, mais j&rsquo;ai d\u00e9couvert le jazz tardivement vers l&rsquo;\u00e2ge de 30 ans. J&rsquo;ai d&rsquo;abord travaill\u00e9 le swing de mani\u00e8re autodidacte en m&rsquo;aidant de revues &hellip; <a href=\"https:\/\/www.varietyjazz.be\/?page_id=1450\">Continue reading <span class=\"meta-nav\">&rarr;<\/span><\/a><\/p>\n","protected":false},"author":2,"featured_media":0,"parent":2539,"menu_order":2,"comment_status":"closed","ping_status":"closed","template":"","meta":{"footnotes":""},"class_list":["post-1450","page","type-page","status-publish","hentry"],"_links":{"self":[{"href":"https:\/\/www.varietyjazz.be\/index.php?rest_route=\/wp\/v2\/pages\/1450","targetHints":{"allow":["GET"]}}],"collection":[{"href":"https:\/\/www.varietyjazz.be\/index.php?rest_route=\/wp\/v2\/pages"}],"about":[{"href":"https:\/\/www.varietyjazz.be\/index.php?rest_route=\/wp\/v2\/types\/page"}],"author":[{"embeddable":true,"href":"https:\/\/www.varietyjazz.be\/index.php?rest_route=\/wp\/v2\/users\/2"}],"replies":[{"embeddable":true,"href":"https:\/\/www.varietyjazz.be\/index.php?rest_route=%2Fwp%2Fv2%2Fcomments&post=1450"}],"version-history":[{"count":6,"href":"https:\/\/www.varietyjazz.be\/index.php?rest_route=\/wp\/v2\/pages\/1450\/revisions"}],"predecessor-version":[{"id":2690,"href":"https:\/\/www.varietyjazz.be\/index.php?rest_route=\/wp\/v2\/pages\/1450\/revisions\/2690"}],"up":[{"embeddable":true,"href":"https:\/\/www.varietyjazz.be\/index.php?rest_route=\/wp\/v2\/pages\/2539"}],"wp:attachment":[{"href":"https:\/\/www.varietyjazz.be\/index.php?rest_route=%2Fwp%2Fv2%2Fmedia&parent=1450"}],"curies":[{"name":"wp","href":"https:\/\/api.w.org\/{rel}","templated":true}]}}

<p> Saxophone Ténor</p>
<p> <a href="http://www.varietyjazz.be/wp-content/uploads/2015/12/ChristopheBaeten_11693941_998399383527339_3347616910245608089_n.jpg"><img loading="lazy" decoding="async" class="size-full wp-image-1506" src="http://www.varietyjazz.be/wp-content/uploads/2015/12/ChristopheBaeten_11693941_998399383527339_3347616910245608089_n.jpg" alt="ChristopheBaeten_11693941_998399383527339_3347616910245608089_n" width="642" height="960" srcset="https://www.varietyjazz.be/wp-content/uploads/2015/12/ChristopheBaeten_11693941_998399383527339_3347616910245608089_n.jpg 642w, https://www.varietyjazz.be/wp-content/uploads/2015/12/ChristopheBaeten_11693941_998399383527339_3347616910245608089_n-201x300.jpg 201w, https://www.varietyjazz.be/wp-content/uploads/2015/12/ChristopheBaeten_11693941_998399383527339_3347616910245608089_n-100x150.jpg 100w" sizes="auto, (max-width: 642px) 100vw, 642px" /></a></p>
<p><P>J&rsquo;ai commencé la musique à l&rsquo;âge de 7 ans et le sax à 8 ans, mais j&rsquo;ai découvert le jazz tardivement vers l&rsquo;âge de 30 ans.<br />
<P>J&rsquo;ai d&rsquo;abord travaillé le swing de manière autodidacte en m&rsquo;aidant de revues et « play along » puis ai intégré le big-band il y a un peu plus de 10 ans.<br />
<P>C&rsquo;était un rêve pour moi de jouer en big-band J&rsquo;ai commencé au pupitre des sax alto, puis ai muté vers les sax ténor.<br />
<P>J&rsquo;aime particulièrement le jazz fusion (funck) et les morceaux latino-américains.</p>
<p><P> <a href="http://www.varietyjazz.be/wp-content/uploads/2015/07/VJ_20150719_Torgny.jpg"><img loading="lazy" decoding="async" class="size-full wp-image-984" src="http://www.varietyjazz.be/wp-content/uploads/2015/07/VJ_20150719_Torgny.jpg" alt="VJ_20150719_Torgny" width="800" height="533" srcset="https://www.varietyjazz.be/wp-content/uploads/2015/07/VJ_20150719_Torgny.jpg 800w, https://www.varietyjazz.be/wp-content/uploads/2015/07/VJ_20150719_Torgny-300x200.jpg 300w, https://www.varietyjazz.be/wp-content/uploads/2015/07/VJ_20150719_Torgny-150x100.jpg 150w" sizes="auto, (max-width: 800px) 100vw, 800px" /></a></p>
<p><P> <a href="http://www.varietyjazz.be/?page_id=23">Retour sur la page « Membres »</a></p>

<p>Saxophone Ténor J&rsquo;ai commencé la musique à l&rsquo;âge de 7 ans et le sax à 8 ans, mais j&rsquo;ai découvert le jazz tardivement vers l&rsquo;âge de 30 ans. J&rsquo;ai d&rsquo;abord travaillé le swing de manière autodidacte en m&rsquo;aidant de revues &hellip; <a href="https://www.varietyjazz.be/?page_id=1450">Continue reading <span class="meta-nav">&rarr;</span></a></p>
