{"id":1443,"date":"2015-12-16T19:04:57","date_gmt":"2015-12-16T18:04:57","guid":{"rendered":"http:\/\/www.varietyjazz.be\/?page_id=1443"},"modified":"2017-07-17T17:27:17","modified_gmt":"2017-07-17T16:27:17","slug":"daniel-godard-2","status":"publish","type":"page","link":"https:\/\/www.varietyjazz.be\/?page_id=1443","title":{"rendered":"Daniel Godard"},"content":{"rendered":"<p>Direction, Saxophone Alto, Piano.<\/p>\n<p><a href=\"http:\/\/www.varietyjazz.be\/wp-content\/uploads\/2011\/03\/DanielGodard_20130818_057.jpg\"><img loading=\"lazy\" decoding=\"async\" class=\"size-full wp-image-753 alignnone\" src=\"http:\/\/www.varietyjazz.be\/wp-content\/uploads\/2011\/03\/DanielGodard_20130818_057.jpg\" alt=\"Daniel Godard\" width=\"577\" height=\"434\" srcset=\"https:\/\/www.varietyjazz.be\/wp-content\/uploads\/2011\/03\/DanielGodard_20130818_057.jpg 577w, https:\/\/www.varietyjazz.be\/wp-content\/uploads\/2011\/03\/DanielGodard_20130818_057-300x225.jpg 300w\" sizes=\"auto, (max-width: 577px) 100vw, 577px\" \/><\/a><\/p>\n<p> Daniel est tomb\u00e9 dans la musique \u00e0 l\u2019\u00e2ge de 7 ans, lors de son 1er cours de piano aupr\u00e8s de Mme Claude, de Ethe. <\/p>\n<p>Ont suivi dix ann\u00e9es de  piano \u00e0 l\u2019Acad\u00e9mie d&rsquo;Arlon chez M. Gruson, et dix ann\u00e9es d&rsquo;acad\u00e9mie au saxophone chez M. Goffinet.<\/p>\n<p>Ensuite inscription au Conservatoire de Luxembourg o\u00f9 il a \u00e9tudi\u00e9 l&rsquo;harmonie Jazz (chez David Laborrier), l&rsquo;histoire du Jazz (chez Guy Cabay), le saxophone (chez Roby Glod) et le piano (chez Marc Mangen).<\/p>\n<p> Il est habit\u00e9 depuis par la passion du jazz.<\/p>\n<p> Daniel a dirig\u00e9 le Variety Jazz de 2002 \u00e0 2016 tout en continuant a jouer du saxophone et en se mettant \u00e0 l&rsquo;occasion au piano pour quelques grand solos.<\/p>\n<p><a href=\"http:\/\/www.varietyjazz.be\/?page_id=23\">Retour sur la page \u00ab\u00a0Membres\u00a0\u00bb<\/a><\/p>\n<p>&nbsp;<\/p>\n<p>&nbsp;<\/p>\n","protected":false},"excerpt":{"rendered":"<p>Direction, Saxophone Alto, Piano. Daniel est tomb\u00e9 dans la musique \u00e0 l\u2019\u00e2ge de 7 ans, lors de son 1er cours de piano aupr\u00e8s de Mme Claude, de Ethe. Ont suivi dix ann\u00e9es de piano \u00e0 l\u2019Acad\u00e9mie d&rsquo;Arlon chez M. Gruson, &hellip; <a href=\"https:\/\/www.varietyjazz.be\/?page_id=1443\">Continue reading <span class=\"meta-nav\">&rarr;<\/span><\/a><\/p>\n","protected":false},"author":2,"featured_media":0,"parent":2539,"menu_order":0,"comment_status":"closed","ping_status":"closed","template":"","meta":{"footnotes":""},"class_list":["post-1443","page","type-page","status-publish","hentry"],"_links":{"self":[{"href":"https:\/\/www.varietyjazz.be\/index.php?rest_route=\/wp\/v2\/pages\/1443","targetHints":{"allow":["GET"]}}],"collection":[{"href":"https:\/\/www.varietyjazz.be\/index.php?rest_route=\/wp\/v2\/pages"}],"about":[{"href":"https:\/\/www.varietyjazz.be\/index.php?rest_route=\/wp\/v2\/types\/page"}],"author":[{"embeddable":true,"href":"https:\/\/www.varietyjazz.be\/index.php?rest_route=\/wp\/v2\/users\/2"}],"replies":[{"embeddable":true,"href":"https:\/\/www.varietyjazz.be\/index.php?rest_route=%2Fwp%2Fv2%2Fcomments&post=1443"}],"version-history":[{"count":5,"href":"https:\/\/www.varietyjazz.be\/index.php?rest_route=\/wp\/v2\/pages\/1443\/revisions"}],"predecessor-version":[{"id":2581,"href":"https:\/\/www.varietyjazz.be\/index.php?rest_route=\/wp\/v2\/pages\/1443\/revisions\/2581"}],"up":[{"embeddable":true,"href":"https:\/\/www.varietyjazz.be\/index.php?rest_route=\/wp\/v2\/pages\/2539"}],"wp:attachment":[{"href":"https:\/\/www.varietyjazz.be\/index.php?rest_route=%2Fwp%2Fv2%2Fmedia&parent=1443"}],"curies":[{"name":"wp","href":"https:\/\/api.w.org\/{rel}","templated":true}]}}

<p>Direction, Saxophone Alto, Piano.</p>
<p><a href="http://www.varietyjazz.be/wp-content/uploads/2011/03/DanielGodard_20130818_057.jpg"><img loading="lazy" decoding="async" class="size-full wp-image-753 alignnone" src="http://www.varietyjazz.be/wp-content/uploads/2011/03/DanielGodard_20130818_057.jpg" alt="Daniel Godard" width="577" height="434" srcset="https://www.varietyjazz.be/wp-content/uploads/2011/03/DanielGodard_20130818_057.jpg 577w, https://www.varietyjazz.be/wp-content/uploads/2011/03/DanielGodard_20130818_057-300x225.jpg 300w" sizes="auto, (max-width: 577px) 100vw, 577px" /></a></p>
<p> Daniel est tombé dans la musique à l’âge de 7 ans, lors de son 1er cours de piano auprès de Mme Claude, de Ethe. </p>
<p>Ont suivi dix années de  piano à l’Académie d&rsquo;Arlon chez M. Gruson, et dix années d&rsquo;académie au saxophone chez M. Goffinet.</p>
<p>Ensuite inscription au Conservatoire de Luxembourg où il a étudié l&rsquo;harmonie Jazz (chez David Laborrier), l&rsquo;histoire du Jazz (chez Guy Cabay), le saxophone (chez Roby Glod) et le piano (chez Marc Mangen).</p>
<p> Il est habité depuis par la passion du jazz.</p>
<p> Daniel a dirigé le Variety Jazz de 2002 à 2016 tout en continuant a jouer du saxophone et en se mettant à l&rsquo;occasion au piano pour quelques grand solos.</p>
<p><a href="http://www.varietyjazz.be/?page_id=23">Retour sur la page « Membres »</a></p>
<p>&nbsp;</p>
<p>&nbsp;</p>

<p>Direction, Saxophone Alto, Piano. Daniel est tombé dans la musique à l’âge de 7 ans, lors de son 1er cours de piano auprès de Mme Claude, de Ethe. Ont suivi dix années de piano à l’Académie d&rsquo;Arlon chez M. Gruson, &hellip; <a href="https://www.varietyjazz.be/?page_id=1443">Continue reading <span class="meta-nav">&rarr;</span></a></p>
