{"id":646,"date":"2013-08-16T14:23:09","date_gmt":"2013-08-16T13:23:09","guid":{"rendered":"http:\/\/www.varietyjazz.be\/?page_id=646"},"modified":"2017-08-21T18:05:21","modified_gmt":"2017-08-21T17:05:21","slug":"concert-a-saint-leger-le-15-aout-2013","status":"publish","type":"page","link":"http:\/\/www.varietyjazz.be\/?page_id=646","title":{"rendered":"Concert \u00e0 Saint-L\u00e9ger le 15 Ao\u00fbt 2013"},"content":{"rendered":"<p><video width=\"552\" height=\"414\" controls><source src=\"http:\/\/www.varietyjazz.be\/wp-content\/uploads\/2013\/08\/VJ_20130815_a.mp4\" type=\"video\/mp4\"><video width=\"552\" height=\"414\" controls><source src=\"http:\/\/www.varietyjazz.be\/wp-content\/uploads\/2013\/08\/VJ_20130815_b.mp4\" type=\"video\/mp4\"><a href=\"http:\/\/www.varietyjazz.be\/\">Retour &agrave; l&rsquo;accueil<\/a><\/p>\n","protected":false},"excerpt":{"rendered":"<p>Retour &agrave; l&rsquo;accueil<\/p>\n","protected":false},"author":2,"featured_media":0,"parent":27,"menu_order":-20130815,"comment_status":"closed","ping_status":"closed","template":"","meta":{"footnotes":""},"class_list":["post-646","page","type-page","status-publish","hentry"],"_links":{"self":[{"href":"http:\/\/www.varietyjazz.be\/index.php?rest_route=\/wp\/v2\/pages\/646","targetHints":{"allow":["GET"]}}],"collection":[{"href":"http:\/\/www.varietyjazz.be\/index.php?rest_route=\/wp\/v2\/pages"}],"about":[{"href":"http:\/\/www.varietyjazz.be\/index.php?rest_route=\/wp\/v2\/types\/page"}],"author":[{"embeddable":true,"href":"http:\/\/www.varietyjazz.be\/index.php?rest_route=\/wp\/v2\/users\/2"}],"replies":[{"embeddable":true,"href":"http:\/\/www.varietyjazz.be\/index.php?rest_route=%2Fwp%2Fv2%2Fcomments&post=646"}],"version-history":[{"count":24,"href":"http:\/\/www.varietyjazz.be\/index.php?rest_route=\/wp\/v2\/pages\/646\/revisions"}],"predecessor-version":[{"id":673,"href":"http:\/\/www.varietyjazz.be\/index.php?rest_route=\/wp\/v2\/pages\/646\/revisions\/673"}],"up":[{"embeddable":true,"href":"http:\/\/www.varietyjazz.be\/index.php?rest_route=\/wp\/v2\/pages\/27"}],"wp:attachment":[{"href":"http:\/\/www.varietyjazz.be\/index.php?rest_route=%2Fwp%2Fv2%2Fmedia&parent=646"}],"curies":[{"name":"wp","href":"https:\/\/api.w.org\/{rel}","templated":true}]}}