{"id":2361,"date":"2016-08-01T11:45:29","date_gmt":"2016-08-01T10:45:29","guid":{"rendered":"http:\/\/www.varietyjazz.be\/?page_id=2361"},"modified":"2017-08-21T18:03:04","modified_gmt":"2017-08-21T17:03:04","slug":"chateau-de-montquintin-30-juillet-2016","status":"publish","type":"page","link":"http:\/\/www.varietyjazz.be\/?page_id=2361","title":{"rendered":"Ch\u00e2teau de Montquintin 30 Juillet 2016"},"content":{"rendered":"<p> Concert au Ch\u00e2teau de Montquintin le 30 Juillet 2016<\/p>\n<p>Cliquez sur la vid\u00e9o pour d\u00e9marrer la playlist du concert.<br \/>\n<P><iframe loading=\"lazy\" width=\"560\" height=\"315\" src=\"https:\/\/www.youtube.com\/embed\/videoseries?list=PLTuJmL056Z6LFsXa8Xh2_97T_t_DchV3q\" frameborder=\"0\" allowfullscreen><\/iframe><\/p>\n<p>Cliquez en haut \u00e0 gauche pour voir la liste des vid\u00e9os du concert,<br \/>\nou sur \u00ab\u00a0YouTube\u00a0\u00bb en bas \u00e0 droite pour voir la liste sur le site YouTube.<\/p>\n","protected":false},"excerpt":{"rendered":"<p>Concert au Ch\u00e2teau de Montquintin le 30 Juillet 2016 Cliquez sur la vid\u00e9o pour d\u00e9marrer la playlist du concert. Cliquez en haut \u00e0 gauche pour voir la liste des vid\u00e9os du concert, ou sur \u00ab\u00a0YouTube\u00a0\u00bb en bas \u00e0 droite pour &hellip; <a href=\"http:\/\/www.varietyjazz.be\/?page_id=2361\">Continue reading <span class=\"meta-nav\">&rarr;<\/span><\/a><\/p>\n","protected":false},"author":32,"featured_media":0,"parent":27,"menu_order":-20160730,"comment_status":"closed","ping_status":"closed","template":"","meta":{"footnotes":""},"class_list":["post-2361","page","type-page","status-publish","hentry"],"_links":{"self":[{"href":"http:\/\/www.varietyjazz.be\/index.php?rest_route=\/wp\/v2\/pages\/2361","targetHints":{"allow":["GET"]}}],"collection":[{"href":"http:\/\/www.varietyjazz.be\/index.php?rest_route=\/wp\/v2\/pages"}],"about":[{"href":"http:\/\/www.varietyjazz.be\/index.php?rest_route=\/wp\/v2\/types\/page"}],"author":[{"embeddable":true,"href":"http:\/\/www.varietyjazz.be\/index.php?rest_route=\/wp\/v2\/users\/32"}],"replies":[{"embeddable":true,"href":"http:\/\/www.varietyjazz.be\/index.php?rest_route=%2Fwp%2Fv2%2Fcomments&post=2361"}],"version-history":[{"count":2,"href":"http:\/\/www.varietyjazz.be\/index.php?rest_route=\/wp\/v2\/pages\/2361\/revisions"}],"predecessor-version":[{"id":2576,"href":"http:\/\/www.varietyjazz.be\/index.php?rest_route=\/wp\/v2\/pages\/2361\/revisions\/2576"}],"up":[{"embeddable":true,"href":"http:\/\/www.varietyjazz.be\/index.php?rest_route=\/wp\/v2\/pages\/27"}],"wp:attachment":[{"href":"http:\/\/www.varietyjazz.be\/index.php?rest_route=%2Fwp%2Fv2%2Fmedia&parent=2361"}],"curies":[{"name":"wp","href":"https:\/\/api.w.org\/{rel}","templated":true}]}}

Château de Montquintin 30 Juillet 2016

<p> Concert au Château de Montquintin le 30 Juillet 2016</p>
<p>Cliquez sur la vidéo pour démarrer la playlist du concert.<br />
<P><iframe loading="lazy" width="560" height="315" src="https://www.youtube.com/embed/videoseries?list=PLTuJmL056Z6LFsXa8Xh2_97T_t_DchV3q" frameborder="0" allowfullscreen></iframe></p>
<p>Cliquez en haut à gauche pour voir la liste des vidéos du concert,<br />
ou sur « YouTube » en bas à droite pour voir la liste sur le site YouTube.</p>

<p>Concert au Château de Montquintin le 30 Juillet 2016 Cliquez sur la vidéo pour démarrer la playlist du concert. Cliquez en haut à gauche pour voir la liste des vidéos du concert, ou sur « YouTube » en bas à droite pour &hellip; <a href="http://www.varietyjazz.be/?page_id=2361">Continue reading <span class="meta-nav">&rarr;</span></a></p>
